is 11521304 (base 6) in base 14?
9837a
Convert -2e8b5 (base 15) to base 13.
-53648
-2200313003 (base 4) to base 5
-132041013
18176 (base 13) to base 10
46403
What is 15782230 (base 10) in base 7?
251101222
72939 (base 12) to base 2
100100100110111101
What is -1eb6b (base 16) in base 3?
-20101120101
2716151 (base 8) to base 4
2321301221
-10010010211212 (base 3) to base 15
-22aabb
Convert baa5 (base 15) to base 12.
1aa62
What is 570750 (base 10) in base 12?
236366
-250017 (base 12) to base 11
-3808a4
Convert -12a781 (base 12) to base 15.
-616e4
What is 2389310 (base 11) in base 4?
33312211230
Convert 1384371 (base 11) to base 8.
11043607
Convert 975501 (base 16) to base 6.
552323133
What is -58535 (base 12) in base 9?
-200205
What is -145126 (base 9) in base 2?
-10101101111010011
What is 7dba (base 15) in base 5?
1323400
Convert 3042211 (base 5) to base 15.
eac1
What is 10012221222222 (base 3) in base 12?
6a668b
What is 2642a6 (base 13) in base 4?
3201121032
-3033331202 (base 5) to base 4
-113131331310
-2f9f57 (base 16) to base 3
-12212120011222
-55286 (base 9) to base 10
-36690
-4401250 (base 6) to base 12
-a6226
-acc1b4 (base 14) to base 10
-5872514
What is 24ee92 (base 15) in base 8?
6604413
What is 504050334 (base 6) in base 14?
11d8d34
Convert -288480 (base 9) to base 10.
-176814
What is -1224731 (base 11) in base 2?
-1000000111110011111110
Convert 11011222102 (base 3) to base 13.
2b646
-1157362 (base 10) to base 5
-244013422
What is 19090 (base 16) in base 8?
310220
What is 344130432 (base 6) in base 7?
105014441
958a959 (base 11) to base 6
1401452143
Convert 10110110001100001 (base 2) to base 13.
335c6
585d4 (base 14) to base 3
101221012022
What is -110233330 (base 5) in base 8?
-1644234
2b65d2 (base 14) to base 9
2760320
-5886446 (base 9) to base 16
-30a089
Convert -56285 (base 12) to base 3.
-12210222102
-176475 (base 10) to base 14
-48455
Convert -5134707 (base 10) to base 11.
-2997866
Convert -4cb3d9 (base 16) to base 3.
-100110101102221
54502 (base 6) to base 11
5722
1135988 (base 11) to base 12
7b8447
10100010101011110 (base 2) to base 14
224d8
10331442 (base 7) to base 14
18d492
-1157271 (base 8) to base 13
-b236b
What is -1011200201211201 (base 3) in base 9?
-34621751
What is -11101000001000101010001 (base 2) in base 6?
-431011441
231102102 (base 4) to base 7
1401534
What is -1b756c (base 15) in base 6?
-44424450
What is 4012023011 (base 5) in base 10?
7923506
What is -12001012101 (base 4) in base 7?
-16256502
Convert -116a80 (base 11) to base 4.
-231022100
Convert 10102110112 (base 4) to base 9.
2102261
10122120021 (base 3) to base 9
118507
198157 (base 10) to base 14
52301
Convert 303720 (base 8) to base 10.
100304
Convert -3637230 (base 8) to base 5.
-223432224
2044102 (base 5) to base 10
34277
-e4f8b (base 16) to base 12
-3928b7
What is -36a25 (base 15) in base 11?
-10a045
Convert d752 (base 15) to base 8.
130727
What is 1121011012221 (base 3) in base 15?
11ba4a
-845221 (base 10) to base 5
-204021341
2996054 (base 11) to base 6
302001031
Convert -2120103 (base 4) to base 9.
-14330
Convert -b785d (base 15) to base 16.
-8e2f4
Convert -75444 (base 10) to base 5.
-4403234
Convert -323442141 (base 5) to base 7.
-14550225
-e6d95 (base 16) to base 2
-11100110110110010101
Convert -234223110 (base 5) to base 11.
-681a50
What is 11122001211 (base 3) in base 4?
112100212
What is 2100011222 (base 3) in base 16?
b3ed
What is -1134143320 (base 5) in base 6?
-132421142
What is 662696 (base 10) in base 7?
5430026
-212301100112 (base 4) to base 5
-10100210342
What is 212382 (base 16) in base 7?
24313500
What is -1632227 (base 8) in base 4?
-1303102113
What is 442331112 (base 5) in base 9?
3542470
-3858c (base 14) to base 10
-138304
2331236 (base 7) to base 16
47a0e
Convert 26243555 (base 7) to base 11.
1398317
32b1b4 (base 13) to base 9
2221805
-1a047a (base 12) to base 3
-212012200211
-23133112333 (base 4) to base 7
-34413301
Convert 11111011010111100 (base 2) to base 4.
133122330
What is 21111211 (base 4) in base 15?
b4ea
What is -4b7f2a (base 16) in base 10?
-4947754
Convert -3012352 (base 10) to base 11.
-1778252
What is -94501 (base 16) in base 7?
-5110051
What is -14241211 (base 5) in base 11?
-a2400
114543234 (base 6) to base 7
24423463
2095e (base 15) to base 13
38081
-252475 (base 9) to base 16
-254b1
Convert 2122011102020 (base 3) to base 12.
576720
What is -89356 (base 11) in base 12?
-62b63
Convert -687850 (base 13) to base 12.
-9b31aa
What is -5522413 (base 6) in base 13?
-9842a
202643 (base 7) to base 12
18055
What is 1731101 (base 8) in base 11?
314a52
Convert -2778282 (base 9) to base 3.
-2212122022202
610a95 (base 11) to base 3
1211220102001
762731 (base 8) to base 14
69145
What is -b08202 (base 13) in base 5?
-2022232024
-9a0281 (base 12) to base 15
-33518d
-1000111111111010111 (base 2) to base 16
-47fd7
-12012200 (base 5) to base 2
-11010111011011100
What is 26866 (base 9) in base 7?
104034
2221202221 (base 3) to base 8
161454
-32223210030 (base 4) to base 14
-722700
-143431031 (base 5) to base 16
-baa64
What is -8e6d38 (base 15) in base 6?
-401521442
What is -32004120 (base 5) in base 10?
-266160
Convert 404153113 (base 6) to base 10.
6920037
Convert -1b8d3 (base 15) to base 10.
-89748
Convert 122332403 (base 5) to base 16.
8ffa0
Convert 1933939 (base 12) to base 7.
63000000
-10100110110110110 (base 2) to base 11
-59204
Convert 407a404 (base 12) to base 16.
b8bcc4
Convert 100013302310 (base 4) to base 7.
50631236
Convert -120120 (base 6) to base 7.
-42240
What is 24a53 (base 16) in base 5?
14300344
24655a (base 15) to base 14
335154
-14852 (base 9) to base 7
-41441
-a5053 (base 14) to base 6
-12310213
What is 45551522 (base 6) in base 8?
5254012
Convert 2b28a6 (base 15) to base 7.
23500524
445254 (base 6) to base 15
b184
What is 1abca5 (base 16) in base 2?
110101011110010100101
What is -100110100111010101111 (base 2) in base 16?
-134eaf
5228210 (base 9) to base 5
1203410203
What is -1357840 (base 9) in base 7?
-6231240
10210202012221 (base 3) to base 14
3a9058
What is 1e633 (base 15) in base 8?
301711
What is -512453 (base 8) in base 7?
-1303316
What is 490c7 (base 15) in base 11?
14a115
What is 1743640 (base 8) in base 16?
7c7a0
What is 50415452 (base 7) in base 9?
7784558
What is -307165 (base 8) in base 4?
-120321311
What is -6747840 (base 11) in base 5?
-11011404431
10200020320 (base 4) to base 7
13013602
45250 (base 9) to base 7
153513
What is -58760 (base 10) in base 9?
-88538
1011110110011100100011 (base 2) to base 14
5ac1d9
201210112032 (base 4) to base 11
4a70324
What is 10201200020112 (base 3) in base 2?
111100011110010011110
12e0c7d (base 15) to base 10
13620943
-1829b6 (base 14) to base 12
-351470
Convert -8a269 (base 16) to base 2.
-10001010001001101001
3623663 (base 9) to base 16
1df9b5
What is -3521471 (base 8) in base 5?
-221144124
What is 1332401211 (base 5) in base 10?
3403306
Convert dbc46 (base 14) to base 15.
a7971
Convert -a2607 (base 11) to base 3.
-21121111100
Convert 313301023113 (base 4) to base 14.
1d27a75
5db7c (base 14) to base 11
1478a8
What is -f95b4e (base 16) in base 15?
-167c05d
What is 6632500 (base 10) in base 3?
110110222002011
-880f (base 16) to base 2
-1000100000001111
Convert 70385 (base 15) to base 7.
3006332
What is -10000101111100101 (base 2) in base 15?
-154c1
What is -32331533 (base 6) in base 10?
-960753
-a1bac (base 13) to base 7
-2314631
What is 1222300001 (base 4) in base 5?
102442444
What is a90699 (base 12) in base 16?
28d4d5
Convert -21221110202101 (base 3) to base 4.
-100012220110
-8c249 (base 14) to base 8
-1231351
What is 577bb (base 12) in base 6?
2301155
What is 12424663 (base 7) in base 4?
10110200212
Convert 1112233020 (base 4) to base 12.
151720
What is 20002222120 (base 3) in base 9?
202876
Convert -1110000111100110000110 (base 2) to base 8.
-16074606
-4344021 (base 5) to base 3
-10210201120
41670c (base 14) to base 2
1000011010111101001000
Convert 78846 (base 9) to base 4.
30303201
What is -366014 (base 7) in base 10?
-66896
-333abb0 (base 13) to base 5
-13010011321
3664 (base 12) to base 9
8354
What is 24455521 (base 7) in base 10?
2198890
Convert ba3754 (base 12) to base 5.
1223411033
-313150115 (base 6) to base 14
-a267a7
Convert -1018647 (base 9) to base